et d be 1/(-1) + -1 + -2. Let b = d + 7. Suppose -14 = -b*w + 79. Is w composite?
False
Is 4506/15 - 9/(-15) a composite number?
True
Let o(j) = j**3 - 2*j**2 - 3*j - 5. Is o(6) prime?
False
Let s be -2 + 3 - (-2 - -1). Let x be s/3*6/4. Suppose -5*w + x = 2*h - 70, 2*w - 40 = 5*h. Is w a composite number?
True
Let a(k) = 18*k**2 - 2*k - 1. Let u(p) = p**3 + 2*p**2 - 3*p - 1. Let x be u(-3). Is a(x) composite?
False
Let p(s) = s**3 - 11*s**2 - 10*s - 1. Let i(a) = a**3 + a. Let j(d) = 2*i(d) - p(d). Is j(-9) prime?
False
Let f(d) = 13*d**3 + 4*d**2 - 6. Is f(3) prime?
False
Suppose -3*i = -i - 8. Suppose -267 = u - i*u. Is u a composite number?
False
Let x(o) = 25*o**2 + 2*o + 3. Let u(c) = 49*c**2 + 3*c + 5. Let q(d) = 4*u(d) - 7*x(d). Let y be (-10)/(-4)*((-36)/15)/(-3). Is q(y) composite?
False
Suppose 1399 = 5*j - 376. Is j a prime number?
False
Let c = 147 - -302. Is c prime?
True
Suppose -38*f + 35*f = -1173. Is f a prime number?
False
Suppose -5*m + 66 = -14. Suppose 0*s + 38 = s. Let a = s - m. Is a a composite number?
True
Suppose 0 - 4 = 4*o. Let b = 30 - o. Is b composite?
False
Suppose -t + 5*t = -i + 329, -4*t + 2*i + 326 = 0. Is t composite?
True
Let q = -70 - -119. Is q a prime number?
False
Let v = -94 - -35. Let g = v - -90. Is g composite?
False
Is -30891*(-6)/54 + (-4)/(-6) a composite number?
False
Let u(i) = i**2 - 6*i + 2. Let j be u(6). Is (309/(-2))/(j/(-4)) a prime number?
False
Let t be (-2)/(-4) + 14/4. Suppose 4*a + 0*q - 2*q = -576, 4*a - t*q = -580. Let p = a + 288. Is p a prime number?
False
Is (-1 + (-2)/(-6))/(2/(-867)) composite?
True
Let h = 237 - 76. Is h composite?
True
Let n(u) be the first derivative of -u**5/10 - 5*u**4/12 - 5*u**3/6 - 7*u**2/2 + 2*u - 2. Let r(m) be the first derivative of n(m). Is r(-5) a prime number?
False
Let x be 4/(-14) - (-24)/(-14). Is (x + (2 - 2))/(-1) composite?
False
Let w(f) = 6*f - 1. Let t(u) = -6*u + 1. Let y(c) = -5*t(c) - 4*w(c). Is y(2) composite?
False
Let n be (-1)/(-4) + 33/12. Suppose 0 = -f - n*f. Is (2 + f)/(4/6) composite?
False
Suppose -8*b + 4*b + 4*o = -5336, 0 = o + 5. Is b a prime number?
False
Suppose -3*k = -4021 - 548. Is k a prime number?
True
Suppose -i + 1 = 3. Let p(j) = 5*j**2 + j + 1. Is p(i) prime?
True
Suppose 4*m = 2220 + 5352. Is m composite?
True
Suppose 3*n - 7 - 5 = 0. Suppose 0 = y + 2*i - 10, 10 = n*y + 5*i - 15. Suppose 0 = -2*o + m + 325, -2*m - 2*m + 4 = y. Is o composite?
False
Suppose 3*k - 816 + 63 = 0. Is k a prime number?
True
Let j(n) be the first derivative of -n**4/4 + 2*n**3 - 2*n**2 - 2*n + 3. Is j(4) a prime number?
False
Let m(r) be the first derivative of -r**4/12 + r**3/6 + 31*r**2/2 + r + 2. Let q(o) be the first derivative of m(o). Is q(0) prime?
True
Let f = 5 + -3. Let y(a) be the second derivative of a**5/5 + a**4/12 - a**3/3 + 3*a**2/2 + 2*a. Is y(f) a composite number?
True
Suppose 0*h = -2*h + 254. Is h prime?
True
Let d be (-3)/(-6)*-11*-10. Suppose 0 = -5*m + n + d, 1 - 41 = -5*m + 4*n. Suppose -47 = -3*z + 2*f, z - 56 = -5*f - m. Is z a composite number?
False
Let h(k) = k**2 + 4*k + 4. Let w be h(-4). Suppose -2*v = -w*s - 0 - 16, -s = 4*v - 32. Suppose -2*x = -3*b - 18 - v, 5*x + 4*b - 111 = 0. Is x a prime number?
True
Suppose -3*t = -5*u + 48, 4*u - 37 + 1 = 3*t. Let p be (8/10)/(2/20). Is ((-417)/u)/((-2)/p) a composite number?
False
Let d(u) = u**2 + 5*u - 1. Let k be d(-5). Let r be (-15 + 2)/k*1. Suppose 32 = 3*j - r. Is j a prime number?
False
Let q(t) = -t**3 + 23*t**2 + 27*t - 34. Is q(23) a prime number?
True
Is (-2)/3 - (-359)/3 a prime number?
False
Let w = 390 + -224. Suppose -4*a + w = -54. Is a a composite number?
True
Let a(n) = -432*n - 1. Is a(-2) a composite number?
False
Let f(b) = -b**3 - 9*b**2 - 8*b + 11. Let y be f(-8). Suppose -3*n + y = -4. Suppose 490 = n*k + 65. Is k a prime number?
False
Let y = -48 - -71. Is y composite?
False
Let k = 4 - 36. Let m = 11 + k. Is ((-170)/(-3))/((-14)/m) prime?
False
Is 0 + -2 + -1 + 112 prime?
True
Suppose 2*n - 134 - 76 = 0. Suppose r - 8 - 44 = 0. Let o = n - r. Is o composite?
False
Let v = -409 + 1326. Is v a composite number?
True
Suppose 2*r = -r + 4*v - 267, 0 = 4*v. Let z = 4 + -1. Is z/(-12) - r/4 a composite number?
True
Let z(g) = 9*g**2 + 2*g - 9. Let a be z(7). Suppose x - 223 = -v, 5*v - v = -2*x + a. Is x a prime number?
True
Let n(m) = 6*m**3 - 3*m**2 - 8*m - 4. Is n(5) composite?
False
Suppose -27350 = -5*v + 6*o - o, 16414 = 3*v + o. Is v prime?
True
Let m = 198 - 787. Let z = m - -1254. Suppose p = 6*p - z. Is p a prime number?
False
Let n be 0*(-3)/(4 - -2). Suppose -c = c - 76. Suppose -3*i + i + c = n. Is i prime?
True
Is -2*((-377)/2 - 0) prime?
False
Let v(j) = j**2 - 6*j - 2. Let l be (-11 - -1)*(-6)/5. Let h = l - 17. Is v(h) a prime number?
True
Let y be 1/((-45)/(-24) - 2). Let v(o) = -2*o**2 + o + 10. Let h(w) = -5*w**2 + 3*w + 29. Let t(z) = y*v(z) + 3*h(z). Is t(-6) a prime number?
True
Let s(x) = 3*x**3 + 3*x**2 + 3*x. Let u be s(-2). Let o be (-4)/u - (-2559)/27. Suppose l - 14 = 4*w + o, 3*l + 4*w - 327 = 0. Is l composite?
False
Let j = -145 - -214. Suppose -4*s + 195 + j = 0. Suppose s + 64 = 5*i. Is i a composite number?
True
Suppose 2 = -y + 4*i - 1, 4*i - 15 = 5*y. Let w be y/(-12) - (-22)/8. Is -3 + 1 + 165/w composite?
False
Let p(d) = -294*d - 1. Is p(-2) composite?
False
Suppose 0 = k - 4*b + 6, -66 = -0*k + 4*k + 5*b. Let h = k - -25. Is h composite?
False
Let u(f) = 25*f**2 + 3*f - 1. Let c be (3/(-2))/(24/(-32)). Let o be u(c). Suppose -o = -5*w - 5*k, -2*k = -5*w + 4*w + 33. Is w a prime number?
False
Is ((-3)/(-2) - 2)*-164 a prime number?
False
Suppose -27 = -3*y + 30. Is y a prime number?
True
Suppose -1649 - 1275 = -4*y. Is y prime?
False
Let m(n) = 34*n**3 + n**2 - 1. Let x be m(-1). Let k = -13 - x. Is k prime?
False
Is 751 - 5/(15/6) a prime number?
False
Is (-15)/10*(-2108)/6 composite?
True
Let g(u) = -u - 8. Let j(t) = 1. Let s(r) = -g(r) - 5*j(r). Let w be s(0). Suppose -w*f - 2*f + 50 = 0. Is f composite?
True
Is 16/(-12) + 1*35894/6 a composite number?
False
Let b(h) = -26*h + 17. Is b(-2) prime?
False
Let h(s) = -2*s**3 - 3*s**2 + 4*s - 6. Is h(-5) a prime number?
True
Let i(f) = -31*f - 3*f - 9*f. Let c be i(-1). Let l = c + 16. Is l prime?
True
Suppose 0 = -5*w + 747 + 2058. Suppose a - 4*a = -w. Is a a prime number?
False
Let s(g) = -43*g + 6. Is s(-7) composite?
False
Let j(w) = w**2 + w + 21. Let h be 8/6*(4 - 1). Suppose 0 = h*i - 7*i. Is j(i) composite?
True
Let b = 8155 + -3512. Is b prime?
True
Let u(h) = h - 5. Let y be u(4). Let v be 1 + -3 + (-15)/(-1). Is v + 0/(-1) - y a composite number?
True
Let r(b) = 2*b. Let g = -2 - 0. Let l be r(g). Is (2 + l)/((-2)/115) composite?
True
Let i(k) = k**3 + 3*k**2 - 4*k - 2. Let l be i(-4). Let g = 6 + -8. Is 4 + 1 + l/g composite?
True
Let j(v) = -v**2 - 3*v - 1. Let n be j(-6). Let t = 56 + n. Is t composite?
False
Let v(t) be the third derivative of -13*t**6/720 + t**4/8 + 2*t**2. Let b(q) be the second derivative of v(q). Is b(-2) a prime number?
False
Let f(x) = -10*x**3 - 3*x**2 + 2*x + 1. Suppose -3*h - 2*h = 3*g + 12, -5*g = -3*h - 14. Let k be f(h). Let j = k + -77. Is j a prime number?
False
Suppose 228 + 78 = 6*g. Is g composite?
True
Suppose -k = -2*k + 627. Is (-2)/9 + k/27 prime?
True
Let f(b) = -2*b - 3. Let a be f(-2). Is (a - 0)/((-1)/(-67)) a prime number?
True
Let i = 0 - -2. Let a be (15/(-10))/((-1)/i). Suppose 23 = a*s - 16. Is s prime?
True
Let a = 169 - -90. Is a prime?
False
Suppose -3*q - 6 = -0*q, 3*q + 11 = d. Suppose -5*i - 4*a = -32, -i - 13 = -d*a - 2. Suppose i*m - 119 = 237. Is m a composite number?
False
Let x(u) = -117*u + 1. Is x(-5) a composite number?
True
Suppose -3*o - 4*g + 3*g = -1145, -4*o + 1534 = 5*g. Is o prime?
False
Suppose -4*q + 49 - 833 = 0. Let n = 55 - q. Is n a prime number?
True
Let u = -12 - -17. Suppose n + u*l - 124 = 164, 0 = n + 3*l - 292. Suppose -n - 58 = -4*y. Is y a prime number?
True
Let h(l) = 4*l**2 - l - 5. Let p be h(-6). Let t = p + -56. Is t a prime number?
True
Let n(h) = h**3 - 5*h**2 - 7*h - 1. Let t be n(5). Let q = 259 + t. Is q a prime number?
True
Let m(i) = -26*i**3 - 2*i + 1. Is m(-4) composite?
True
Let j = 11 - 1. Let p(u) = 2*u - 8. Let b be p(j). Is 